 is b(f)?
16
Let o(i) = -6*i - i - 1 + 3*i. Suppose 7*a + 3*m - 17 = 3*a, 2*a - 19 = -5*m. Suppose -a = 9*b - 11*b. What is o(b)?
-5
Let f(o) = -o + 7. Suppose -25*s + 450 = 25*s. Determine f(s).
-2
Let p(l) be the first derivative of 1/4*l**4 - 2 + 0*l**2 - 4*l - 2/3*l**3. What is p(3)?
5
Let b(m) = 6*m + 1. Let q be ((-7)/3 + 1)*(-87)/(-2). Let h = q - -59. Give b(h).
7
Let b(x) be the first derivative of -x**3/3 - 4*x**2 + 2*x - 48. Determine b(-7).
9
Let r be 1 + 2/(-4) + (-6)/(-4). Let q(a) = -a + 7 + a**3 + 5*a - a**r - 3*a. Determine q(0).
7
Let i(p) = p**2 + 8*p - 12. Let y be i(-9). Let r be (y + 4)*-3 + 2. Let h(c) = -9*c**2 - 1. Determine h(r).
-10
Let b(p) = -4*p**2 + 6*p. Let h(d) = d**2 + d + 1. Let m(i) = i**2 + 12*i + 7. Let w(l) = -6*h(l) + m(l). Let t(y) = -4*b(y) + 3*w(y). Determine t(7).
10
Let i(b) = b + 2. Suppose -5*l - 3 = -13. Let u = 1 + l. Suppose -5*j - 4 + 10 = -2*n, 9 = -u*n - 3*j. Give i(n).
-1
Suppose -17 = -2*g - 5. Suppose -2*o = -3*o - g. Let t(l) = l**2 + 8*l. What is t(o)?
-12
Let k = 2 - 4. Let q(r) = 7*r. Let z(n) = 279*n. Let s(g) = -81*q(g) + 2*z(g). What is s(k)?
18
Let f(i) = 53*i + 272. Let k be f(-5). Let o(d) = -d**2 + 1. Let a(c) = 5*c**2 + 5*c - 8. Let g(t) = -a(t) - 6*o(t). Determine g(k).
16
Let z(p) = 2*p + 3*p + 0*p + 8*p - 8*p - 2. Give z(5).
23
Let x = 501 + -497. Let k(v) = 7*v**3 - 3*v**2 + 5*v - 11. Let s(i) = 3*i**3 - 2*i**2 + 2*i - 5. Let w(h) = -2*k(h) + 5*s(h). What is w(x)?
-3
Suppose 0*h + 4*h = -3*b - 3, 0 = h + 3. Suppose 0 = -2*m + 3*u + 337, 6*u = -5*m + 2*u + 877. Let d(i) = -4*i + 3*i + m - 176 + i**3 - i**2. What is d(b)?
12
Let o(l) = -l**3 + 5*l**2 + 2*l - 2. Let x be (-204)/(-42) + (-1)/(-7). Determine o(x).
8
Let a(s) be the third derivative of -s**4/4 - 5*s**3/6 - 403*s**2. Determine a(3).
-23
Let o(a) = -10*a**3 - 7*a**2 + 7*a - 12. Let v(s) = -27*s**3 - 20*s**2 + 21*s - 34. Let c(x) = -8*o(x) + 3*v(x). Determine c(-6).
24
Suppose 0 = 4*a + 67 - 83. Let x(c) be the first derivative of a*c - 6 + 1/2*c**2 - 1/3*c**3. Calculate x(3).
-2
Let v be 848/(-216) - 4/54. Let g(c) = 2*c - 4. Give g(v).
-12
Let u(a) be the first derivative of 540 + 539 - a + 3*a**2 - 1063. What is u(-1)?
-7
Let j(k) = 3*k + 23. Let g be j(-8). Let l(f) = 3*f**3 - f**2 - f. Calculate l(g).
-3
Let q(b) = 2*b - 32. Let i be (3/(-4))/(9/(-192)). Determine q(i).
0
Let v = -13 + 17. Let f(j) = v*j + 1 + 3*j - 4*j. What is f(-3)?
-8
Let u(n) = -2*n**2 + n + 5. Let s(i) = 4*i**2 - 3*i - 9. Let b(z) = 3*s(z) + 5*u(z). Let x be b(4). Let h = 11 - x. Let g(q) = -q**2 - 2*q - 3. Give g(h).
-6
Suppose -2*j - j + 15 = 3*x, -5*x = 4*j - 23. Suppose -3*q + j + 4 = 0. Let o(m) = -4 - m**3 + 2*m + q*m - 6*m**2 + m - 3. What is o(-7)?
7
Let o be (48/(-30))/((-2)/20). Suppose 33 = 3*x + 4*a, 0 = 5*x - 4*a - o - 7. Let b(k) = 10*k - x*k - 2 - 4 - k**2. Give b(4).
-10
Let w(m) = -14*m**2 - 9 + m**3 + 10 - 6. Let t = 29 + -15. Let d be w(t). Let k(f) = f**3 + 6*f**2 + 5*f - 3. Calculate k(d).
-3
Let o(f) = 3*f - 9. Let d be o(0). Let v = d + 2. Let y(p) = 2*p - 8. Determine y(v).
-22
Let u(q) = -2*q**3 - 14*q - 7. Let j(g) = -3*g**3 - g**2 - 21*g - 10. Let f(o) = -7*j(o) + 10*u(o). Calculate f(-5).
15
Let j(t) = -4*t**2 - 4*t + 3. Let a(c) = 5*c**2 + 5*c - 4. Let p(f) = -5*a(f) - 6*j(f). Suppose 50*k + 6 = 47*k. What is p(k)?
0
Let u(g) = -g + 0*g + 2 + 3. Let s = -230 + 226. Determine u(s).
9
Let x(s) = -s**2 + 2*s - 1. Suppose 8*l - 10 = 3*l. Suppose 10 = -6*g - l. Give x(g).
-9
Let r = -34 + 40. Let o be ((-4)/8)/(1/r). Let j(h) = h**2 + 3*h + 4. Calculate j(o).
4
Let q(a) = -51 + 3*a + 17 + 27. Let s(u) = -u + 2. Let h(i) = -2*q(i) - 7*s(i). Suppose 1 = 5*p - 9. What is h(p)?
2
Let h(j) = -25 + 17 + 6 + j + 0*j. What is h(5)?
3
Suppose -4*z = -0*z + 136. Let x = 25 + 11. Let j = z + x. Let u(k) = k**2 - 3*k + 2. Determine u(j).
0
Let f(p) = -3*p + 0*p - 3*p + p**3 - 5*p**2. Let o(y) = -3*y - 27. Let n be o(-17). Suppose -54*c - n = -58*c. Give f(c).
0
Let t = -43 + 28. Let r = t + 13. Let w be (-5)/r - 1/2. Let q(p) = -p**3 + 2*p**2 - 3*p + 1. Calculate q(w).
-5
Suppose 4*h = 11*h + 14. Let r(y) be the first derivative of -2*y**2 - 2*y + 4. Calculate r(h).
6
Let r(d) = 1. Suppose 3*z - 2*z = y, 2 = 2*z. Let q(s) = -s**2 - s + 2. Let o(x) = y*q(x) - 3*r(x). Calculate o(2).
-7
Let y = -26 - -29. Let i(l) = -2 - 2*l + y - 3. Determine i(2).
-6
Let u = -126 - -129. Let r(w) = -13*w - 44*w**2 - 4 - u + 45*w**2. What is r(13)?
-7
Let o(w) = 5*w - 31. Suppose -13*b = -52 - 26. Give o(b).
-1
Let u(o) = -o + 5. Let v(w) = 4*w - 14. Let g(c) = -7*u(c) - 2*v(c). Suppose 2*l = -13*l. Determine g(l).
-7
Let s be (5 - 3)/1 - -2. Let h(i) = 2 + 2*i + 2*i - s*i + 2*i. Determine h(-4).
-6
Let p(f) be the first derivative of 34 + 2*f - 2/3*f**3 + 5/2*f**2. What is p(4)?
-10
Let o(q) = 3*q**3 - 8*q**2 - q + 6. Let r(n) = -n**3 + 4*n**2 - 3. Let z(c) = 2*o(c) + 5*r(c). Let h(j) = -11*j - 26. Let a be h(-2). Give z(a).
5
Suppose -2*m = 11*m - 858. Let i = -72 + m. Let o(z) = z**3 + 5*z**2 - 6*z + 3. Determine o(i).
3
Let x = -57 + 61. Suppose -5*w - 26 - x = 0. Let s(a) = -4*a - 9. What is s(w)?
15
Let o(h) be the first derivative of -2 - 2*h - 1/2*h**2. What is o(6)?
-8
Let r(p) = -15*p. Let y(o) = -3*o + 8. Let x be y(3). Give r(x).
15
Let k(b) = 3*b + 1. Let q be k(1). Let g(a) = q*a**2 + 4*a**3 + 3 - 4*a**3 - a**3 + 2*a**3 + 4*a. What is g(-2)?
3
Let o(n) = n**3 + 4*n**2 - 4*n + 6. Let p = 215 - 220. Calculate o(p).
1
Let u(x) be the third derivative of -x**6/120 - x**5/10 - 3*x**4/8 - x**3/6 - 392*x**2. What is u(-6)?
53
Let f(h) = h**3 + h**2 + 2*h - 1. Let j(c) = -5*c**3 - 11*c**2 - 14*c + 9. Let s(p) = 4*f(p) + j(p). Suppose 3*k = -k + 16. Suppose -13 = k*n + 11. Give s(n).
5
Let h(c) = 0 - 1 + c - 4 + 8*c**2 - 1 + 5. Determine h(-1).
6
Suppose 0*u = u - 9. Let q(h) = -h**3 + 9*h**2 + h - 6. Let f be q(u). Let w(d) = 5 + 9*d**f + 3*d**2 - 2*d - 9*d**2 - 10*d**3. Give w(-5).
-10
Suppose -16 = 6*l - 40. Let s(k) = l + 7*k - 1 - 9 + 5. Determine s(-2).
-15
Suppose -24*o + 7 = -31*o. Let b(c) = -25*c**2 - c. Determine b(o).
-24
Let j(r) = 13*r**3. Suppose 10*l + 10 = 20*l. Give j(l).
13
Let l(y) = y**3 - 7*y**2 + 6*y + 8. Let z = -138 + 48. Let h = -84 - z. Give l(h).
8
Let c be 0 - -26 - (-8)/2. Let a = -35 + c. Let z(r) = -r**3 - 6*r**2 - 7*r - 7. What is z(a)?
3
Let n(r) = 9*r - 2. Let j(o) = 7*o - 2. Let b(m) = -5*j(m) + 4*n(m). What is b(-4)?
-2
Suppose w - 1 = -0. Let l be w/(((-18)/(-8))/(-9)). Let t(q) = 6*q + 6. Give t(l).
-18
Let j = -18 - -21. Let h(a) = 124*a**2 - 123*a**2 - 3 - j + 6*a. Give h(-7).
1
Let p(h) = -2*h - 11. Let x be p(-8). Let r(a) = -2*a + 15. Let d(n) = -3*n + 17. Let o(u) = x*r(u) - 4*d(u). Give o(-5).
-3
Let h(q) = 80 - 42 + 2*q - 36. Suppose -2*w = -4*w + 20. Suppose 0 = -a, 2*j = -a - 0*a - w. What is h(j)?
-8
Let k(m) be the second derivative of m**5/20 - m**4/2 - m**3 + 15*m**2/2 + 95*m. Calculate k(6).
-21
Let p(x) = -x**3 + 5*x**2 - 6*x. Let j = -835 + 839. What is p(j)?
-8
Let p(f) = 6*f**2 - 4*f. Let u be p(1). Let z(m) = 0 + 3 + m**2 + m**2 - 3*m. What is z(u)?
5
Let w(q) = -q**2 - 9*q - 4. Let y(u) = -2*u + 42. Let l be y(17). Suppose 0 = -2*v - 4 - l. What is w(v)?
14
Let t(n) = -n**2 + 4*n - 3. Let r(f) = -f**3 - 4*f**2 - 4*f + 2. Let b be r(-3). Give t(b).
-8
Let w(l) be the first derivative of -l**4/4 + l**3 + 5*l**2/2 + 2*l - 3. Let r(m) = -4*m - 8. Let y be r(-3). What is w(y)?
6
Suppose k + 7 = -4*t, -3*t + 2*k + 0*k - 19 = 0. Let z = 4 + t. Let h(b) = -3*b + 0 - 2 + b**2 - z. Calculate h(4).
1
Suppose 2*w = -2*w + 504. Suppose -w = 11*n - 9*n. Let x be (21/n)/(1/(-9)). Let c(i) = i**3 - 4*i**2. What is c(x)?
-9
Let l(i) = -4*i**3 - 4*i**2 - 20*i - 2. Let m(j) = 5*j**3 + 5*j**2 + 23*j + 3. Let n(y) = -6*l(y) - 5*m(y). Determine n(3).
-24
Let r = 20 - 18. Let m be ((-4)/5)/(r/(-5)). Let p(z) = 2*z**3 - z**2 + z. Give p(m).
14
Suppose -3*f - 14 = -4*q - 2*f, -q + 2 = -f. Let m(t) = -q*t**2 + 36*t - 36*t - t**3 + 4. What is m(-3)?
-5
Let z(h) be the third derivative of -h**7/2520 - 7*h**6/720 - h**5/120 - 3*h**4/4 + h**2. Let o(a) be the second derivative of z(a). What is o(-4)?
11
Let r(f) = 4*f - 8. Suppose -54 + 27 = -9*b. Calculate r(b).
4
Let y(c) = c**2 - 2 - 2 + 4*c + 2*c - 2